ate the highest common divisor of x and 14.
14
Let p = 8 - 4. Suppose -58 = -7*w + 138. What is the greatest common divisor of p and w?
4
Let t = -7 - -107. Calculate the highest common factor of t and 20.
20
Let p be (1 + -2)*3*1 + 33. Calculate the highest common factor of p and 10.
10
Let f = -282 + 199. Let w = 37 - f. Calculate the greatest common factor of 15 and w.
15
Let k(s) = 20*s - 5. Let m be k(5). Let i = -67 - -86. What is the greatest common factor of m and i?
19
Suppose n = 3*u + 141, -2*n - 4*u = -3*n + 140. Suppose -49 + n = 5*i. What is the greatest common factor of i and 209?
19
Let y(q) = q**3 + 5*q**2 + 5. Let g be y(-5). Suppose 68 = m + g*v, -5*m - 4*v = 129 - 553. Let d = 2 - -9. What is the greatest common factor of m and d?
11
Suppose 0 = -a + 4*a - 18. Let c be (-9)/(-1)*(-16)/(-3). Calculate the highest common factor of c and a.
6
Let p be (-2)/(-5) - (-86)/10. Suppose -2*k + 103 = f, -3*f + 4*k + 246 = -43. Calculate the greatest common divisor of p and f.
9
Let l be 4*((-3)/(-2) - 1). Suppose l*v + 0 = 2, -15 = -5*g - 5*v. Let j be 1 - (-4*4/(-4) + -8). What is the highest common factor of j and g?
1
Suppose 0 = 2*l - 2*q - 2, l = -q - 3*q + 16. Let v be (0 - -12)*(-2)/(-4). Calculate the greatest common factor of v and l.
2
Suppose -4*l - 16 = 0, 0 = 5*s - 3*l + 4*l - 6. Let n be (4*s)/(6/3). Let v be ((-4)/2 + 5)*20/3. What is the highest common divisor of n and v?
4
Let s(i) = -i**2 + 12*i - 4. Let o = 12 + 4. Let l = 27 - o. Let q be s(l). Calculate the highest common divisor of 1 and q.
1
Suppose -6 = 4*g - 18. Calculate the highest common divisor of 15 and g.
3
Suppose 16 = -5*p - 9. Let l be 18/(-30) - 273/p. Suppose 5*j - l = -4. What is the greatest common divisor of 2 and j?
2
Let j be (4/6)/((-1)/(-33)). Let l(v) = v**3 + 5*v**2 - 2*v - 6. Let x be l(-5). Let n be (-6)/(-2)*x/6. Calculate the greatest common factor of j and n.
2
Let g be (-56)/(-21)*6/8. Let l(x) = x**3 - 2*x**2 - 3*x + 2. Let d be l(4). What is the highest common divisor of d and g?
2
Suppose -2*c - 9 = -21. Calculate the greatest common divisor of c and 60.
6
Let c = -303 - -559. What is the greatest common factor of c and 32?
32
Suppose c = -2*c + 6. Suppose z - c = -z. What is the highest common factor of z and 5?
1
Suppose -4 = -0*b - 4*b. Let p = 24 + b. What is the highest common factor of 5 and p?
5
Let i be ((-90)/25)/((-3)/10). Let v be 1 - 4/(i/(-33)). Calculate the greatest common divisor of 60 and v.
12
Let j(h) = -h**2 + 76. Let o be j(0). Suppose -4*a = 5*s - o, s = 4*a + 3*s - 64. Suppose 4*f = a + 6. What is the highest common divisor of f and 25?
5
Let l(o) = -50*o - 2. Let r be l(-2). Let a = 4 + -6. Let x be (-24)/a - (-5 + 3). What is the highest common factor of r and x?
14
Let b be -2*(4 + 2)/(-3) + 84. Calculate the highest common factor of b and 16.
8
Let j be 0*(-1)/2*2. Let y be (-13 + j)*(1 - 2). What is the greatest common divisor of 117 and y?
13
Let f = -8 - -4. Let j(i) = -i - 4. Let k be j(f). Let d be 6/((-4)/(-2) + k). What is the highest common divisor of d and 6?
3
Suppose 0 = u - y - 2, -2*y = -u - 7*y + 32. Calculate the greatest common divisor of 21 and u.
7
Let n(r) = 17*r**2 - 4*r. Let c be n(-1). What is the highest common divisor of c and 105?
21
Let p(o) = -3 - 1 - 2*o + 3 + 0*o + 5*o**2. Let w be p(-1). Suppose -18 = -2*g - w. Calculate the highest common factor of 66 and g.
6
Let d be (-1)/(-2)*4*4. Let s be ((-44)/(-16))/(2/d). Let r = 62 + 37. What is the greatest common divisor of s and r?
11
Suppose 3*p + 6 + 21 = 0. Let c(r) = -r**3 - 8*r**2 - 6*r - 3. Let o be c(p). What is the highest common factor of 12 and o?
12
Let n = -73 + 127. Let h be (-20)/(-6)*n/15. What is the greatest common divisor of 4 and h?
4
Let z(j) = -j**3 + 7*j**2 + 8*j + 6. Let t be z(8). Let w be (1/4)/(t/24). What is the greatest common divisor of 3 and w?
1
Let s be ((-3)/6)/(1/(-6)). What is the greatest common divisor of 4 and s?
1
Let a be (-22)/10*-3 - 2/(-5). Calculate the highest common divisor of 56 and a.
7
Let q = 4 + 143. Suppose 0 = -3*h + 2*z + 26 + 45, -z - 67 = -3*h. Calculate the greatest common divisor of h and q.
21
Suppose 0 = -4*a + 1 - 5. Let v be 18*2 + 0/a. Let f = -8 + 12. What is the greatest common factor of f and v?
4
Let y(m) = -m**3 - 16*m**2 - 7*m + 23. Let o be y(-16). What is the greatest common factor of o and 81?
27
Let o be ((-14)/5 + 2)/((-18)/315). What is the highest common factor of 35 and o?
7
Let z = 53 + 24. Suppose 0 + 8 = 4*u. Let y be (2 - 1 - u)*-7. Calculate the greatest common factor of y and z.
7
Let s = -9 - -6. Let k be (6 + s + -16)*-2. What is the highest common divisor of 13 and k?
13
Suppose 7*c - 2*c - 45 = 0. Suppose -5*r + r = -12. Calculate the highest common divisor of c and r.
3
Let t(x) = 2*x + 2. Let d(s) = 2*s - 2. Let h be d(2). Let c be t(h). Let g be (-8)/12 - (0 - 584/12). What is the greatest common factor of g and c?
6
Let w(j) = -j**2 - 7*j - 4. Let m be w(-5). Let r = -7 + 40. Suppose -2*k + r = -27. What is the greatest common factor of m and k?
6
Suppose 20 = 3*k + 2. Let m be (2*1)/(2/k). Suppose -3*o + 135 = 2*j - 4*o, 5*j + 5*o = 315. Calculate the highest common factor of j and m.
6
Suppose -5 = -v - 2. Let o = v - -5. Let y(h) = h**3 - 8*h**2 + 10*h - 10. Let z be y(o). What is the greatest common factor of z and 14?
14
Let v(r) = -3*r**3 - 5*r**2 - 4*r. Let y be v(-3). Let m = 17 + -28. Let h be 1 + 2/((-2)/m). What is the greatest common factor of h and y?
12
Let q = -33 - -51. Suppose 4*v - 90 = q. What is the greatest common factor of 108 and v?
27
Suppose 2*a = -44 - 86. Let y be (-10)/a + (-128)/(-13). Calculate the highest common factor of y and 20.
10
Let s be (1 - 3)/(-2 - -4). Let c be (-11 - s)*(-3)/6. Calculate the highest common factor of c and 1.
1
Let j(h) = 21*h + 4. Let y be j(4). Calculate the greatest common divisor of y and 11.
11
Let n(m) = m**3 - 10*m**2 + 11*m - 9. Let w be n(9). What is the highest common divisor of 63 and w?
9
Let a = 10 - 4. Suppose 0 = 4*o + 2*x - 6, 5*o - 3*x = -15 + 50. Let q(n) = n**3 - n**2 + n - 4. Let l be q(o). Calculate the greatest common factor of l and a.
6
Suppose 0 = 5*f - 4*f - 46. Let n = f - 26. Suppose -x - x = -n. Calculate the highest common factor of x and 70.
10
Let a be (88/(-12))/((-4)/6). Let i = -7 + a. What is the highest common divisor of 28 and i?
4
Suppose -u - 23 = 5. Let j be (-4)/(-14) - 580/u. Calculate the greatest common factor of j and 21.
21
Suppose -c - f + 3*f + 8 = 0, f = -5*c + 84. Suppose -2*y + 689 = 2*y - 5*i, 4*y - 707 = -i. What is the greatest common factor of c and y?
16
Let a(m) = m - 9 - 6*m + m + 3. Let r be a(-4). Let y be (-12)/r*(-4 + -16). What is the greatest common factor of 8 and y?
8
Suppose 2*h - z - 144 = z, -3*z + 134 = 2*h. Let i(s) = 6*s**2 + 4*s - 4. Let x be i(-4). Suppose -5*v + x = 26. Calculate the highest common factor of h and v.
10
Suppose 6*l - 2*l + 20 = 0, 7 = 4*w + l. Suppose 2 = w*h + 5. Let r be (-11 + 0)*(0 + h). What is the highest common factor of 11 and r?
11
Let k(t) = -19*t**2. Let y be k(1). Let s = y + 29. What is the greatest common divisor of s and 60?
10
Let k be 4218/16 + (-51)/(-136). Calculate the greatest common factor of 24 and k.
24
Let y = -6 - -11. Calculate the highest common divisor of y and 20.
5
Suppose -3*o - j + 44 = 6, 5*o + 2*j = 64. What is the highest common divisor of o and 8?
4
Let k(m) = m**2 + m + 3. Let b be k(-3). Let l be (-9)/12 + (-22)/(-8). Suppose -3*q = -137 + l. What is the greatest common divisor of q and b?
9
Suppose -2*o - 110 = -4*k, 4*k - 2*o - 135 = -5*o. What is the greatest common divisor of 6 and k?
6
Suppose 350 = 6*d - d. Let p(i) = i + 1. Let z be p(4). Suppose z = k - 5. What is the greatest common factor of k and d?
10
Suppose -2*s = -5*s. Suppose 3*y + 6 = s, -2*y + 3*y = -4*v - 62. Let p be (-5)/(v/(-48))*-1. Calculate the highest common factor of 4 and p.
4
Let l be 46/14 - 10/35. What is the greatest common factor of 3 and l?
3
Let d be -1*(-3 + 0/(-2)). Let w(z) = -z + 5. Let g be w(d). Calculate the highest common divisor of g and 6.
2
Let f = 54 + -47. Calculate the highest common divisor of 63 and f.
7
Let s = 22 - 19. Let p be (84/35)/((-1)/(-10